{"id":5933,"date":"2025-09-13T15:59:33","date_gmt":"2025-09-13T15:59:33","guid":{"rendered":"https:\/\/test.lila.company\/?post_type=product&#038;p=5933"},"modified":"2025-09-13T16:00:47","modified_gmt":"2025-09-13T16:00:47","slug":"aly-nachos-glutensiz-misir-cipsi-425-gr","status":"publish","type":"product","link":"https:\/\/test.lila.company\/?product=aly-nachos-glutensiz-misir-cipsi-425-gr","title":{"rendered":"Aly Nachos Glutensiz M\u0131s\u0131r Cipsi 425 Gr"},"content":{"rendered":"<p><P>Nachos, glutensiz, %100 m\u0131s\u0131r unundan \u00fcretilmi\u015f \u00e7\u0131t\u0131r \u00e7\u0131t\u0131r bir m\u0131s\u0131r cipsidir. Haz\u0131rlayaca\u011f\u0131n\u0131z \u00e7e\u015fitli malzemeler ve soslarla \u00fczerine ilave ederek \u0131s\u0131t\u0131ld\u0131\u011f\u0131nda bile \u00e7\u0131t\u0131r yap\u0131s\u0131n\u0131 korudu\u011fu i\u00e7in, nachos yap\u0131m\u0131 i\u00e7in en ideal cipstir.Salsa sosu ve di\u011fer \u00e7e\u015fitli dip soslar\u0131 ile aperatif olarak servis edilir, salatalar\u0131n i\u00e7erisine \u00e7\u0131t\u0131r bir doku katmak i\u00e7in kullan\u0131labilir. K\u00fc\u00e7\u00fck par\u00e7alar halinde ufalad\u0131\u011f\u0131n\u0131z m\u0131s\u0131r cipslerini, bal\u0131k, tavuk vs. panelerinde farkl\u0131 bir kaplama malzemesi alternatifi olarak kullanabilirsiniz.<\/P><br \/>\n<P><STRONG>\u0130\u00e7indekiler: <\/STRONG>M\u0131s\u0131r unu %73, bitkisel ya\u011f, su, tuz.<\/P><\/p>\n","protected":false},"excerpt":{"rendered":"<p>Nachos, glutensiz, %100 m\u0131s\u0131r unundan \u00fcretilmi\u015f \u00e7\u0131t\u0131r \u00e7\u0131t\u0131r bir m\u0131s\u0131r cipsidir. Haz\u0131rlayaca\u011f\u0131n\u0131z \u00e7e\u015fitli malzemeler ve soslarla \u00fczerine ilave ederek \u0131s\u0131t\u0131ld\u0131\u011f\u0131nda bile \u00e7\u0131t\u0131r yap\u0131s\u0131n\u0131 korudu\u011fu i\u00e7in, nachos yap\u0131m\u0131 i\u00e7in en ideal cipstir. Salsa sosu ve di\u011fer \u00e7e\u015fitli dip soslar\u0131 ile aperatif olarak servis edilir, salatalar\u0131n i\u00e7erisine \u00e7\u0131t\u0131r bir doku katmak i\u00e7in kullan\u0131labilir. K\u00fc\u00e7\u00fck par\u00e7alar halinde ufalad\u0131\u011f\u0131n\u0131z m\u0131s\u0131r cipslerini, bal\u0131k, tavuk vs. panelerinde farkl\u0131 bir kaplama malzemesi alternatifi olarak kullanabilirsiniz.<\/p>\n","protected":false},"featured_media":6027,"comment_status":"open","ping_status":"closed","template":"","meta":[],"product_brand":[1710],"product_cat":[317,170],"product_tag":[],"class_list":{"0":"post-5933","1":"product","2":"type-product","3":"status-publish","4":"has-post-thumbnail","6":"product_brand-aly","7":"product_cat-atistirmaliklar","8":"product_cat-glutensiz-urunler","10":"first","11":"outofstock","12":"shipping-taxable","13":"purchasable","14":"product-type-simple"},"_links":{"self":[{"href":"https:\/\/test.lila.company\/index.php?rest_route=\/wp\/v2\/product\/5933","targetHints":{"allow":["GET"]}}],"collection":[{"href":"https:\/\/test.lila.company\/index.php?rest_route=\/wp\/v2\/product"}],"about":[{"href":"https:\/\/test.lila.company\/index.php?rest_route=\/wp\/v2\/types\/product"}],"replies":[{"embeddable":true,"href":"https:\/\/test.lila.company\/index.php?rest_route=%2Fwp%2Fv2%2Fcomments&post=5933"}],"version-history":[{"count":1,"href":"https:\/\/test.lila.company\/index.php?rest_route=\/wp\/v2\/product\/5933\/revisions"}],"predecessor-version":[{"id":6028,"href":"https:\/\/test.lila.company\/index.php?rest_route=\/wp\/v2\/product\/5933\/revisions\/6028"}],"wp:featuredmedia":[{"embeddable":true,"href":"https:\/\/test.lila.company\/index.php?rest_route=\/wp\/v2\/media\/6027"}],"wp:attachment":[{"href":"https:\/\/test.lila.company\/index.php?rest_route=%2Fwp%2Fv2%2Fmedia&parent=5933"}],"wp:term":[{"taxonomy":"product_brand","embeddable":true,"href":"https:\/\/test.lila.company\/index.php?rest_route=%2Fwp%2Fv2%2Fproduct_brand&post=5933"},{"taxonomy":"product_cat","embeddable":true,"href":"https:\/\/test.lila.company\/index.php?rest_route=%2Fwp%2Fv2%2Fproduct_cat&post=5933"},{"taxonomy":"product_tag","embeddable":true,"href":"https:\/\/test.lila.company\/index.php?rest_route=%2Fwp%2Fv2%2Fproduct_tag&post=5933"}],"curies":[{"name":"wp","href":"https:\/\/api.w.org\/{rel}","templated":true}]}}