{"id":5846,"date":"2025-09-13T15:58:22","date_gmt":"2025-09-13T15:58:22","guid":{"rendered":"https:\/\/test.lila.company\/?post_type=product&#038;p=5846"},"modified":"2025-09-13T15:59:45","modified_gmt":"2025-09-13T15:59:45","slug":"abdurrahman-tatlici-tadibu-bitter-kakaolu-findik-ezmesi-330-gr","status":"publish","type":"product","link":"https:\/\/test.lila.company\/?product=abdurrahman-tatlici-tadibu-bitter-kakaolu-findik-ezmesi-330-gr","title":{"rendered":"Abdurrahman Tatl\u0131c\u0131 Tad\u0131bu Bitter Kakaolu F\u0131nd\u0131k Ezmesi 330 Gr"},"content":{"rendered":"<p><P>Tad\u0131bu Bitter Kakaolu F\u0131nd\u0131k Ezmesi 330 Gr<\/P><br \/>\n<P>NEDEN TADIBU EN FAZLA FINDIK ORANI (%35) EN D\u00dc\u015e\u00dcK \u015eEKER ORANI (%23) TRANS YA\u011e \u0130\u00c7ERMEZ EM\u00dcLGAT\u00d6R \u0130\u00c7ERMEZ GLUTEN \u0130\u00c7ERMEZ KORUYUCU \u0130\u00c7ERMEZ PEYN\u0130R ALTI SUYU TOZU \u0130\u00c7ERMEZ EV\u0130N\u0130ZDE B\u0130LE YAPAB\u0130LECE\u011e\u0130N\u0130Z TAT SADECE FINDIK \u2013 \u015eEKER \u2013 KAKAO \u2013 S\u00dcTTOZU \u2013 FINDIKYA\u011eINDAN \u0130MAL ED\u0130LMEKTED\u0130R<\/P><\/p>\n","protected":false},"excerpt":{"rendered":"<p>Tad\u0131bu Bitter Kakaolu F\u0131nd\u0131k Ezmesi 330 Gr NEDEN TADIBU EN FAZLA FINDIK ORANI (%35) EN D\u00dc\u015e\u00dcK \u015eEKER ORANI (%23) TRANS<\/p>\n","protected":false},"featured_media":5942,"comment_status":"open","ping_status":"closed","template":"","meta":[],"product_brand":[1393],"product_cat":[170,345],"product_tag":[],"class_list":{"0":"post-5846","1":"product","2":"type-product","3":"status-publish","4":"has-post-thumbnail","6":"product_brand-abdurrahman-tatlici","7":"product_cat-glutensiz-urunler","8":"product_cat-gurme-ve-surulebilir-urunler","10":"first","11":"outofstock","12":"shipping-taxable","13":"purchasable","14":"product-type-simple"},"_links":{"self":[{"href":"https:\/\/test.lila.company\/index.php?rest_route=\/wp\/v2\/product\/5846","targetHints":{"allow":["GET"]}}],"collection":[{"href":"https:\/\/test.lila.company\/index.php?rest_route=\/wp\/v2\/product"}],"about":[{"href":"https:\/\/test.lila.company\/index.php?rest_route=\/wp\/v2\/types\/product"}],"replies":[{"embeddable":true,"href":"https:\/\/test.lila.company\/index.php?rest_route=%2Fwp%2Fv2%2Fcomments&post=5846"}],"version-history":[{"count":1,"href":"https:\/\/test.lila.company\/index.php?rest_route=\/wp\/v2\/product\/5846\/revisions"}],"predecessor-version":[{"id":5943,"href":"https:\/\/test.lila.company\/index.php?rest_route=\/wp\/v2\/product\/5846\/revisions\/5943"}],"wp:featuredmedia":[{"embeddable":true,"href":"https:\/\/test.lila.company\/index.php?rest_route=\/wp\/v2\/media\/5942"}],"wp:attachment":[{"href":"https:\/\/test.lila.company\/index.php?rest_route=%2Fwp%2Fv2%2Fmedia&parent=5846"}],"wp:term":[{"taxonomy":"product_brand","embeddable":true,"href":"https:\/\/test.lila.company\/index.php?rest_route=%2Fwp%2Fv2%2Fproduct_brand&post=5846"},{"taxonomy":"product_cat","embeddable":true,"href":"https:\/\/test.lila.company\/index.php?rest_route=%2Fwp%2Fv2%2Fproduct_cat&post=5846"},{"taxonomy":"product_tag","embeddable":true,"href":"https:\/\/test.lila.company\/index.php?rest_route=%2Fwp%2Fv2%2Fproduct_tag&post=5846"}],"curies":[{"name":"wp","href":"https:\/\/api.w.org\/{rel}","templated":true}]}}